{"id":20,"date":"2025-02-07T07:45:21","date_gmt":"2025-02-07T07:45:21","guid":{"rendered":"https:\/\/tekirotocekici.net\/?page_id=20"},"modified":"2025-02-07T07:52:59","modified_gmt":"2025-02-07T07:52:59","slug":"hakkimizda","status":"publish","type":"page","link":"https:\/\/tekirotocekici.net\/?page_id=20","title":{"rendered":"HAKKIMIZDA"},"content":{"rendered":"\n<h2 class=\"wp-block-heading\"><strong>Pozant\u0131 Ara\u00e7 Kurtarma<\/strong><\/h2>\n\n\n\n<p>Oto kurtarma sekt\u00f6r\u00fcnde y\u0131llard\u0131r sundu\u011fumuz hizmet, oto \u00e7ekici olarak hizmet verdi\u011fimiz y\u00fczlerce m\u00fc\u015fteri ve yolda yard\u0131m\u0131na yeti\u015fti\u011fimiz y\u00fczlerce ma\u011fdur s\u00fcr\u00fcc\u00fc ile ge\u00e7en s\u00fcre\u00e7 sonunda geldi\u011fimiz noktada, hala hizmetimizi en kaliteli ve kusursuz \u015fekilde sunman\u0131n gayreti i\u00e7indeyiz. Problemlerle dolu sekt\u00f6r\u00fcm\u00fcze yeni bir nefes olmak, geli\u015fim i\u00e7in rekabeti sa\u011flamak ve hizmet kalitesini y\u00fckseltmek i\u00e7in bilimsel geli\u015fmeleri takip etmek en b\u00fcy\u00fck ideallerimizdir.<\/p>\n\n\n\n<p>Pozant\u0131 oto \u00e7ekici, kurtarma ve yol yard\u0131m hizmetlerini profesyonel bir anlay\u0131\u015fla s\u00fcrd\u00fcrmek, \u00e7evremizde ya\u015fanan yol problemlerine yard\u0131mc\u0131 olmak ve t\u00fcm bu sorunlar i\u00e7inde g\u00fcler y\u00fczl\u00fc \u015fekilde hizmet vermekten vazge\u00e7meyece\u011fiz. M\u00fc\u015fterilerimiz ile kurdu\u011fumuz olumlu diyalog tercih edilmemizin sebepleri aras\u0131ndad\u0131r. \u0130leti\u015fimin g\u00fcc\u00fcn\u00fc kullanmaya ve hizmetimizi amat\u00f6r ruh-profesyonel anlay\u0131\u015f ile s\u00fcrd\u00fcrmeye devam ediyoruz.<\/p>\n\n\n\n<p><strong>Pozant\u0131 oto kurtarma<\/strong>\u00a0hizmetimiz, deneyimli s\u00fcr\u00fcc\u00fcler ve g\u00fcvenli ara\u00e7lar\u0131m\u0131z ile devam etmektedir. Pozant\u0131 ve yak\u0131n \u00e7evrede ar\u0131za yapan ara\u00e7lar\u0131n\u0131z, kazaya kar\u0131\u015fan otomobilleriniz itina ile ta\u015f\u0131nmaktad\u0131r. Anla\u015fmal\u0131 oldu\u011funuz servise veya ta\u015f\u0131nmas\u0131n\u0131 istedi\u011finiz lokasyona h\u0131zl\u0131 ve g\u00fcvenli \u015fekilde ara\u00e7 transferinizi ger\u00e7ekle\u015ftiriyoruz. G\u00fcvenli Ta\u015f\u0131may\u0131 \u0130lke Edinen Firma<\/p>\n\n\n\n<p>Yolda arac\u0131ndan \u00f6t\u00fcr\u00fc probleme ya\u015fayan veya kazaya kar\u0131\u015farak kendine gelmekte zorlanan herkes, ilk olarak varsa sa\u011fl\u0131k problemlerini gidermek, ard\u0131ndan ilk olarak arac\u0131n\u0131 g\u00fcvenli \u015fekilde tahliye etmek d\u00fc\u015f\u00fcncesinde olmaktad\u0131r. Yak\u0131nlarda i\u015fini g\u00fcvenli \u015fekilde yapan deneyimli bir firma arayan ma\u011fdur s\u00fcr\u00fcc\u00fcler, Kurtulu\u015f Kurtar\u0131c\u0131 ile tan\u0131\u015fmakta ve hizmet almak istemektedir.<\/p>\n\n\n\n<p>Deneyimin \u00f6nemli oldu\u011fu oto kurtarma sekt\u00f6r\u00fcnde, yol d\u0131\u015f\u0131ndaki arac\u0131n nas\u0131l kurtar\u0131laca\u011f\u0131, oto kurtarma arac\u0131na nas\u0131l y\u00fcklenece\u011fi ve g\u00fcvenli \u015fekilde nas\u0131l ta\u015f\u0131naca\u011f\u0131 \u00f6nem arz etmektedir. Bu i\u015flemlerin kusursuz \u015fekilde yap\u0131lmas\u0131, zaten hasarl\u0131 veya ar\u0131zal\u0131 olan arac\u0131n daha fazla zarar g\u00f6rmemesi i\u00e7in gerekli hususlard\u0131r. Bunu bilerek \u201cG\u00fcvenli Ta\u015f\u0131may\u0131 \u0130lke Edinen Firma\u201d slogan\u0131yla m\u00fc\u015fterilerimize deneyim sunman\u0131n gururunu ya\u015f\u0131yoruz.<\/p>\n\n\n\n<h2 class=\"wp-block-heading\">M\u00fc\u015fteri Memnuniyeti Esasl\u0131 Hizmet<\/h2>\n\n\n\n<p>Hizmet sunabilirsiniz, hizmeti her \u015fekilde m\u00fc\u015fterilerin aya\u011f\u0131na kadar g\u00f6t\u00fcrebilirsiniz ancak kalite farkl\u0131 bir \u015feydir. M\u00fc\u015fteri memnuniyetini sa\u011flamak, i\u015finizi profesyonel \u015fekilde yapmaktan ve sa\u011fl\u0131kl\u0131 bir ileti\u015fim kurmaktan ge\u00e7mektedir. Zor durumda olan s\u00fcr\u00fcc\u00fclerin ilk beklentisi, bulundu\u011fu yere h\u0131zl\u0131 bir \u015fekilde ula\u015facak ta\u015f\u0131y\u0131c\u0131 ve uygun bir fiyat sunacak firmad\u0131r.<\/p>\n\n\n\n<p>Bu iki \u00f6zelli\u011fe sahip yeg\u00e2ne Pozant\u0131 oto \u00e7ekici ve kurtarma firmas\u0131d\u0131r. Hem uygun fiyat hem de A kalite hizmet i\u00e7in bizimle ileti\u015fime ge\u00e7ebilirsiniz. \u0130leti\u015fim sayfam\u0131zda da, web sitemizin mobil s\u00fcr\u00fcm\u00fcnde de irtibat numaram\u0131z belirgin \u015fekilde yer almaktad\u0131r.<\/p>\n\n\n\n<h1 class=\"wp-block-heading\">Adana Pozant\u0131<br>Oto (Ara\u00e7) \u00c7ekici &#8211; Yol Yard\u0131m<\/h1>\n\n\n\n<p>Mobil verinizi kullanabildi\u011finiz yerde konum atabilir, telefon sinyalinin zay\u0131f oldu\u011fu yerde ise yerinizi ortalama bir anlat\u0131mla ifade edebilirsiniz. Bulundu\u011fumuz co\u011frafyaya, ana yollara, ara yollara hakim oldu\u011fumuz i\u00e7in, bekleme s\u00fcrenizi asgariye indirecek kadar h\u0131zl\u0131 davran\u0131yoruz.<br>\u0130\u015fimize g\u00f6sterdi\u011fimiz sayg\u0131, t\u00fcm m\u00fc\u015fterilerimize de yans\u0131maktad\u0131r.<\/p>\n\n\n\n<p>Pozant\u0131 oto \u00e7ekici hizmeti ile zor durumlardan kurtulman\u0131za yard\u0131mc\u0131 olmam\u0131z i\u00e7in bizimle ileti\u015fim kurman\u0131z yetecektir. Profesyonel kadromuz ile sizlere en iyi hizmeti sunma gayreti i\u00e7inde olaca\u011f\u0131z.<\/p>\n","protected":false},"excerpt":{"rendered":"<p>Pozant\u0131 Ara\u00e7 Kurtarma Oto kurtarma sekt\u00f6r\u00fcnde y\u0131llard\u0131r sundu\u011fumuz hizmet, oto \u00e7ekici olarak hizmet verdi\u011fimiz y\u00fczlerce m\u00fc\u015fteri ve yolda yard\u0131m\u0131na yeti\u015fti\u011fimiz y\u00fczlerce ma\u011fdur s\u00fcr\u00fcc\u00fc ile ge\u00e7en s\u00fcre\u00e7 sonunda geldi\u011fimiz noktada, hala hizmetimizi en kaliteli ve kusursuz \u015fekilde sunman\u0131n gayreti i\u00e7indeyiz. Problemlerle dolu sekt\u00f6r\u00fcm\u00fcze yeni bir nefes olmak, geli\u015fim i\u00e7in rekabeti sa\u011flamak ve hizmet kalitesini y\u00fckseltmek i\u00e7in [&hellip;]<\/p>\n","protected":false},"author":1,"featured_media":0,"parent":0,"menu_order":1,"comment_status":"closed","ping_status":"closed","template":"","meta":{"footnotes":""},"class_list":["post-20","page","type-page","status-publish","hentry"],"_links":{"self":[{"href":"https:\/\/tekirotocekici.net\/index.php?rest_route=\/wp\/v2\/pages\/20","targetHints":{"allow":["GET"]}}],"collection":[{"href":"https:\/\/tekirotocekici.net\/index.php?rest_route=\/wp\/v2\/pages"}],"about":[{"href":"https:\/\/tekirotocekici.net\/index.php?rest_route=\/wp\/v2\/types\/page"}],"author":[{"embeddable":true,"href":"https:\/\/tekirotocekici.net\/index.php?rest_route=\/wp\/v2\/users\/1"}],"replies":[{"embeddable":true,"href":"https:\/\/tekirotocekici.net\/index.php?rest_route=%2Fwp%2Fv2%2Fcomments&post=20"}],"version-history":[{"count":4,"href":"https:\/\/tekirotocekici.net\/index.php?rest_route=\/wp\/v2\/pages\/20\/revisions"}],"predecessor-version":[{"id":28,"href":"https:\/\/tekirotocekici.net\/index.php?rest_route=\/wp\/v2\/pages\/20\/revisions\/28"}],"wp:attachment":[{"href":"https:\/\/tekirotocekici.net\/index.php?rest_route=%2Fwp%2Fv2%2Fmedia&parent=20"}],"curies":[{"name":"wp","href":"https:\/\/api.w.org\/{rel}","templated":true}]}}